5460763 a prime number?
True
Is 107823109 composite?
True
Is 5176559783 a prime number?
False
Is 2547656297 a composite number?
False
Is 640173661 a prime number?
True
Is 742966577 a prime number?
True
Is 3156852739 composite?
True
Is 20080288031 composite?
True
Is 1385618401 a composite number?
False
Is 122629883 composite?
True
Is 772301 a composite number?
True
Is 10553570629 a composite number?
True
Is 1340991559 a prime number?
False
Is 14292688757 a prime number?
True
Is 33012430235 prime?
False
Is 2175933187 prime?
False
Is 15282804701 a composite number?
False
Is 1054091513 a composite number?
True
Is 45928121 composite?
True
Is 149265313 a composite number?
False
Is 2148622055 composite?
True
Is 9466244233 prime?
False
Is 216495269 composite?
False
Is 26336731 a composite number?
False
Is 3529263457 a composite number?
False
Is 14819633327 a composite number?
True
Is 22775926841 composite?
False
Is 10890365153 a composite number?
False
Is 1364240819 a prime number?
True
Is 21920909279 composite?
False
Is 1366964771 a composite number?
False
Is 35290224457 prime?
False
Is 109109641871 composite?
False
Is 20641868933 prime?
False
Is 24091871689 a composite number?
False
Is 1415107697 a composite number?
False
Is 7923329 composite?
True
Is 1648081951 composite?
True
Is 4634720117 a prime number?
True
Is 652707899 prime?
False
Is 578744767 a composite number?
False
Is 22310658977 a composite number?
True
Is 2351723279 prime?
True
Is 26602240733 a prime number?
True
Is 4899998527 a composite number?
False
Is 1270277311 composite?
False
Is 368922727 composite?
True
Is 200414789 composite?
False
Is 8435321729 a prime number?
False
Is 1450034161 composite?
True
Is 72073831 prime?
True
Is 1431792077 a prime number?
False
Is 7545045203 a composite number?
False
Is 14660659837 prime?
True
Is 18079194883 a prime number?
True
Is 6314471797 composite?
True
Is 7319334937 a composite number?
False
Is 38889691319 composite?
True
Is 27648083257 prime?
False
Is 2000997077 a composite number?
False
Is 154774202327 prime?
True
Is 268320223 composite?
True
Is 8670451169 composite?
False
Is 14493146489 a prime number?
True
Is 1113756569 a prime number?
True
Is 27002567 a composite number?
True
Is 877583887 composite?
False
Is 1451822299 composite?
True
Is 5387596003 composite?
False
Is 10123380779 a composite number?
True
Is 119341414747 a composite number?
True
Is 4240582601 prime?
True
Is 679435591 a composite number?
False
Is 1400878993 a composite number?
False
Is 3613666361 a composite number?
True
Is 39391487 a composite number?
False
Is 146342083 a prime number?
True
Is 12540484267 composite?
True
Is 325414987 prime?
True
Is 350510389 composite?
False
Is 22546126147 composite?
False
Is 2533738979 prime?
True
Is 2379116783 composite?
False
Is 8276419139 prime?
True
Is 13730261861 a prime number?
False
Is 57265543 a composite number?
False
Is 4285699711 prime?
False
Is 131226201613 composite?
True
Is 2940423643 prime?
False
Is 50649593 composite?
False
Is 22044091921 prime?
False
Is 249992713 a composite number?
False
Is 5089339607 composite?
True
Is 17148608809 prime?
True
Is 27723962177 composite?
True
Is 92350692689 a composite number?
True
Is 18670409593 a composite number?
True
Is 29015676717 composite?
True
Is 31930339 a prime number?
False
Is 411630899 a composite number?
True
Is 1363151159 a composite number?
False
Is 40712623817 a prime number?
False
Is 75845629 prime?
True
Is 1195590379 a composite number?
True
Is 6288423047 prime?
False
Is 2586319079 a prime number?
True
Is 3226017803 a composite number?
False
Is 5000583097 prime?
False
Is 90916541 composite?
False
Is 725281123 a prime number?
False
Is 2366311121 a prime number?
False
Is 925989323 a composite number?
True
Is 3620015899 a composite number?
True
Is 96172079 composite?
False
Is 8678130631 a prime number?
True
Is 29123671351 a prime number?
True
Is 1872421723 composite?
False
Is 98175463 a prime number?
False
Is 759884141 composite?
True
Is 157720710503 composite?
True
Is 17959569739 composite?
False
Is 645101887 composite?
False
Is 132466387537 composite?
True
Is 6977072413 a prime number?
True
Is 2419627943 prime?
True
Is 704416211 a composite number?
False
Is 1962556901 prime?
True
Is 197518297 a composite number?
True
Is 7490851483 composite?
False
Is 492115667 a prime number?
True
Is 324634643 composite?
False
Is 38327688761 prime?
True
Is 194045515277 prime?
False
Is 175896751 composite?
False
Is 60198443 a prime number?
False
Is 1231602013 prime?
False
Is 69594649 composite?
True
Is 2216505937 prime?
False
Is 282391722169 prime?
False
Is 1813208611 prime?
False
Is 16435803941 prime?
False
Is 825531053 prime?
False
Is 1645577597 prime?
True
Is 316151527 prime?
True
Is 8120389709 composite?
False
Is 27452853871 prime?
False
Is 69378941 prime?
True
Is 428182991 composite?
False
Is 862269127 a prime number?
False
Is 30818505398 prime?
False
Is 1163022953 a prime number?
True
Is 5763267953 composite?
False
Is 5803412093 composite?
False
Is 27812760323 composite?
True
Is 36337361861 a prime number?
False
Is 1632147859 prime?
True
Is 35655697427 a composite number?
True
Is 53840849 a composite number?
True
Is 16551188713 a composite number?
False
Is 3720639149 prime?
False
Is 198466613 composite?
False
Is 10890528353 composite?
False
Is 4107221243 a prime number?
True
Is 37961759281 prime?
True
Is 1617513659 composite?
False
Is 5849965973 a prime number?
False
Is 64620943139 a prime number?
True
Is 1336257653 composite?
True
Is 1159374919 composite?
True
Is 353333159 a composite number?
True
Is 460651007 a prime number?
False
Is 3589087421 a prime number?
True
Is 163277657845 a composite number?
True
Is 12472827197 a prime number?
False
Is 2425288223 prime?
True
Is 11143094221 composite?
True
Is 197348780851 a composite number?
True
Is 7439322409 prime?
False
Is 229480417 a composite number?
True
Is 89160662077 a composite number?
False
Is 1316981993 a composite number?
True
Is 430348211 a composite number?
False
Is 104415865111 prime?
True
Is 15087114697 composite?
True
Is 18048355739 a prime number?
False
Is 5454070619 prime?
True
Is 9962587 a prime number?
False
Is 1364746709 composite?
False
Is 4296638089 a prime number?
False
Is 758505967 a prime number?
True
Is 2663945857 composite?
True
Is 36867537181 a prime number?
True
Is 8190263921 a composite number?
True
Is 567057431 a prime number?
False
Is 5771079077 composite?
False
Is 6918412363 a composite number?
True
Is 4832969023 a prime number?
True
Is 2107933001 prime?
False
Is 53360911531 a prime number?
True
Is 943479049 a prime number?
True
Is 11065484141 a composite number?
False
Is 23576178403 prime?
True
Is 43266724333 prime?
False
Is 274625159 a prime number?
False
Is 30983358547 a composite number?
False
Is 221434267 prime?
True
Is 191377841 a composite number?
True
Is 2431043997 prime?
False
Is 75081943 a prime number?
True
Is 1871163517 a prime number?
False
Is 4203268577 a prime number?
True
Is 1710224437 prime?
True
Is 345220789 composite?
False
Is 140726634097 a prime number?
False
Is 5203521019 a composite number?
True
Is 20340860693 composite?
False
Is 5471646707 a composite number?
True
Is 4577585611 composite?
False
Is 1020839683 composite?
True
Is 33465227 a prime number?
False
Is 17424951449 a composite number?
False
Is 737648231 prime?
False
Is 10457285507 a prime number?
True
Is 606435241 composite?
False
Is 9678597287 composite?
True
Is 326672363 prime?
True
Is 5641058603 a composite number?
True
Is 3892977973 a composite number?
False
Is 10322983361 a composite number?
True
Is 1194596027 a composite number?
True
Is 3357629917 composite?
False
Is 614063893 a prime number?
False
Is 579648151 composite?
True
Is 136311857 a composite number?
True
Is 474320557 composite?
False
Is 233172319 a composite number?
False
Is 329455505 a composite number?
True
Is 1167899305 prime?
False
Is 716692694 composite?
True
Is 169758540907 a composite number?
False
Is 2810790581 a prime number?
False
Is 8635874361 a prime number?
False
Is 39198005479 a prime number?
False
Is 610888357 a composite number?
True
Is 4313850019 a composite number?
False
Is 306236171 prime?
True
Is 22006195399 a composite number?
False
Is 